What is the remainder when p is divided by l?
20
Suppose -f = -p + 3, 98*f = 3*p + 96*f - 14. Calculate the remainder when 1416 is divided by p.
0
Let n(l) = l**3 - 10*l**2 + 5*l - 8. Let u be n(9). What is the remainder when 996/33 + (-2)/u*-4 is divided by 13?
4
Let i(h) = -3*h + 2. Let p be i(-10). Suppose -4*k = -2*f + p, -f + 2 = -3*k - 5*f. Let q(d) = -4*d - 18. What is the remainder when 10 is divided by q(k)?
4
Suppose 2 = -q + 60. Suppose l = 5*o + q, -2*o + 435 = 5*l + 2*o. Let y = 126 - l. What is the remainder when 213 is divided by y?
41
Suppose -40 - 15 = -11*p. Suppose -p*z - 105 = -5*b, b + 7 = -3*z + 28. Calculate the remainder when b is divided by 4.
1
Let g be 4*((2 - 6) + 5). Suppose 0 = g*z - z - 9. Suppose -4*x - z*f + 122 = 47, 5*x = -f + 80. Calculate the remainder when 40 is divided by x.
10
Suppose t = -t - 0*t. Suppose 2*h + 2 = t, -2*a + 2*h = -5*a + 13. Suppose 85 = a*y - 15. What is the remainder when y is divided by 11?
9
Suppose 19*p - 919 = 31. Calculate the remainder when -4*((-118)/3)/(8/15) is divided by p.
45
Let c = -219 - -309. Calculate the remainder when 16254/c + ((-16)/10 - -1) is divided by 26.
24
Suppose 2157 = 18*a + 7*a - 4818. Calculate the remainder when a is divided by 66.
15
Let t be 675/2*(-4)/(-3). Let g = -413 + t. Calculate the remainder when 57 is divided by g.
20
Calculate the remainder when 68 is divided by 17 + 1 + (-126 - -141) + (-8)/1.
18
Suppose 10*d = 13*d - 2*f - 386, -2*d = 4*f - 252. What is the remainder when d is divided by 3 + (-267 + 3)/(-4)?
59
Let h = 21445 - 21400. Calculate the remainder when 1392 is divided by h.
42
Suppose -4*z + 92 = 4*b, z - 6*z - 74 = -2*b. Let r = -56898 - -56977. Calculate the remainder when r is divided by b.
25
Let m be ((-4)/6)/(19/57). What is the remainder when m/(-4) + 4131/54 is divided by 27?
23
Let l = 49 - -12. Suppose -5*c - 113 + 33 = 0. What is the remainder when l is divided by 1/(1/12)*(-28)/c?
19
What is the remainder when 212 is divided by 136 - -1 - 585/(-45)?
62
Suppose -60*v + 58*v = -2*k + 40, 128 = 4*k + 4*v. Let z(w) = -18*w + 1. What is the remainder when z(-4) is divided by k?
21
Suppose -5*l + 60 = v - 78, -5*l + 5*v = -150. Let m = 39 - l. What is the remainder when 240 is divided by m?
9
Let b(s) = -2*s. Let g be b(0). Suppose -26 = -2*a - 4*i, g + 31 = 3*a - 2*i. Calculate the remainder when 32 is divided by a.
10
Let p be ((-2)/(-4))/((-2)/44). Let o = 35 + p. Suppose 9*r = 10*r, 30*r - 150 = -3*k + 27*r. What is the remainder when k is divided by o?
2
Suppose -m = 2*m - 9. Suppose 30 = 6*w - m*w. Suppose -4*h + 130 = -w. Calculate the remainder when h is divided by 12.
11
Suppose 0 = 4*r, y + 4*r - r = 0. What is the remainder when 42 is divided by ((-10)/14)/((-2)/(y + 14))?
2
Suppose 5*k + 3*c = -0*c - 602, -k - 110 = -2*c. Let m be (18/(-7))/(4 + k/28). What is the remainder when 15 is divided by (m/10 - 2)*(-50)/20?
1
Let q = 4485 - 4309. What is the remainder when 182 is divided by q?
6
Suppose 3*l = -2*p - 5, 0 = -5*p + 5*l + 15 + 10. Let m(z) = -33*z**3 + 5*z**2 + 57*z + 53. Calculate the remainder when m(-1) is divided by p.
0
Let o(k) = -k**2 - 39*k - 66. Suppose -6*g = -7*g - 30. What is the remainder when o(g) is divided by 42?
36
Suppose -149 + 1733 = 33*n. Calculate the remainder when n is divided by (-86)/2*(-1)/(2 + -1).
5
Let b(r) = -5*r**3 + 19*r**2 + 8*r - 13. Let h be b(4). Let i(p) = 11*p + 15. What is the remainder when i(h) is divided by 6?
0
Let q be 0 - 1 - 3/1. Let d(y) = -y**2 - 7*y - 1. Suppose 172*c - 55*c = 1593 + 3087. What is the remainder when c is divided by d(q)?
7
Suppose 2800 = -16*q + 9*q. Calculate the remainder when 34 is divided by 1/(-3) + q/(-30).
8
Let s(m) be the first derivative of 14*m**2 - 22*m + 2. Suppose 3*l - 7*l = -24. What is the remainder when s(2) is divided by l?
4
Suppose 8*g + 10 = 10*g - 2*l, -25 = -5*g - l. Let y(w) = 2*w**3 - 7*w**2 + 18*w - 47. Calculate the remainder when y(g) is divided by 61.
57
Let k(n) = -343*n + 1310. What is the remainder when k(-19) is divided by 174?
171
Suppose -6*p + 8 = -8*p, -4*p + 128 = 3*o. Calculate the remainder when 281 is divided by o.
41
Let j(f) = -26*f**3 - 11*f**2 + 72*f + 298. What is the remainder when j(-4) is divided by 25?
23
Let m be (-2 + -1 + -3)/(-2). Suppose 6*y - 3*y + 20 = -4*r, m*r = -2*y - 14. What is the remainder when 185 is divided by (93/9)/(r/(-6))?
30
Let s = 608 + -559. Let g(j) = j**3 - 48*j**2 - 48*j - 45. Calculate the remainder when 27 is divided by g(s).
3
Let f = -2899 + 2961. Calculate the remainder when 86 is divided by f.
24
Let n = -372 - -391. Let s = -74 + 78. Suppose 393 = s*f - 5*h, 2*f = 3*f - 2*h - 102. Calculate the remainder when f is divided by n.
16
Let a be (-6 - (11 + -5))*(-1)/(-2). Calculate the remainder when 202 is divided by a*(297/6)/(-11).
13
Let f(u) = -u**3 + 6*u**2 + 8*u - 25. Let r = -101 - -103. Suppose -o + 2*a + r*a = -10, 0 = 5*o + 4*a - 26. Calculate the remainder when f(o) is divided by 6.
5
Let b = 2 + 2. Let o(x) = -x**2 - 13*x - 30. Let m be o(-10). Suppose 5*c - k = k + 7, 3*c - k - 5 = m. What is the remainder when b is divided by c?
1
Suppose 10*k - 50*k = 0. Suppose k = 2*c - 66 - 164. Calculate the remainder when c is divided by 30.
25
Let p be (448 - -4)*(6/4)/1. Suppose -2*c + p = 4*c. Suppose -37 + c = 2*m. What is the remainder when 150 is divided by m?
36
Suppose -2*l = 4*x - 6806, -50*l + 8507 = 5*x - 48*l. Calculate the remainder when x is divided by 71.
68
Suppose -q + 7 = j, 13 = 2*j + q + 2. Suppose -4*v + 50 = 6*v. Suppose 0*x + 4*h - 66 = -3*x, 4*x = v*h + 88. What is the remainder when x is divided by j?
2
Suppose 12*f - 50 = 34. Suppose 3*y - 186 = 3*d, 3*d - f = -4. Calculate the remainder when 248 is divided by y.
59
Let l = 21250 + -21230. What is the remainder when 4775 is divided by l?
15
Suppose -833 = -12*t - 9*t - 140. What is the remainder when 94 is divided by t?
28
Let n = -2155 + 2161. Calculate the remainder when 7 is divided by n.
1
Let r be ((-174)/90 + (-6)/(-10))*9. Calculate the remainder when (-18)/4*(-322)/21 is divided by (-4)/r*-1 - (-218)/6.
33
Suppose 0 = -5*g + b + 1000, 285*g - 284*g - 5*b = 200. Calculate the remainder when 590 is divided by g.
190
Suppose 21*i - 11527 = 1892. What is the remainder when i is divided by 64?
63
Let w = 7 - 0. Let h(g) = g**2 + 25*g - 2009 + 1982 - g**2 - g**2. What is the remainder when h(22) is divided by w?
4
Let f be (92/(-69))/(-1 + (-16)/(-18)). Suppose f*i = 422 - 86. What is the remainder when (109/3)/(9/27) is divided by i?
25
Let v = 29232 + -29145. What is the remainder when 5909 is divided by v?
80
Let y = 174 + -174. Suppose 4*d - 2*c - 1668 = y, d - 3*c + 86 = 493. Calculate the remainder when d is divided by 35.
34
Let o = -4447 - -4465. What is the remainder when 1787 is divided by o?
5
Suppose 96 + 74 = -p. Let u = -117 - p. What is the remainder when u is divided by 6?
5
Suppose 31*q - 19*q = 18*q - 18534. What is the remainder when q is divided by 6?
5
Suppose 3*y = 3*f - 10866, -f + 14482 = 3*f - 2*y. Calculate the remainder when ((-4)/(-14))/(11/f) is divided by 49.
45
Let f(c) = 3*c + 1. Let t(a) = 17*a + 88. Let p(m) = -6*f(m) + t(m). Calculate the remainder when p(8) is divided by 3/(-12) + 77/4.
17
Let m(h) = 28*h**2. Let j be m(1). Suppose -j = -13*q + 12*q. Let u = -12 + q. Calculate the remainder when 30 is divided by u.
14
Let b be 85*((-93)/(-15) - 6). Suppose -30*a - 27 = -35*a - 2*f, -3*f = -4*a + b. What is the remainder when a is divided by 4?
1
Suppose 7*v - 128 = 3*v. Suppose 21*j + 660 = v*j. Calculate the remainder when j is divided by 13.
8
Let r(v) = -44*v - 2. Let m be r(-3). Suppose 5*a - m = 4*a. Let w = -98 + a. What is the remainder when w is divided by 11?
10
Suppose -92021 + 16777 = 8*p - 21*p. Calculate the remainder when p is divided by 31.
22
Let a(c) = 76*c**2 + 91*c + 170. What is the remainder when a(-2) is divided by 108?
76
Suppose 4*z = 2*j + 106, 4 + 16 = 4*j. What is the remainder when 781 is divided by z?
27
Suppose 229 = 5*g + 2*o - 1597, 3*g - 1104 = -4*o. What is the remainder when 368 is divided by g?
4
Let k(y) = 2*y**3 - 5*y**2 + 4*y. Suppose -15 = -6*t + t. What is the remainder when k(t) is divided by 62 + -